 greatest common divisor of 352 and 33000?
88
Calculate the highest common factor of 2200 and 44792.
88
Calculate the highest common factor of 389522 and 42.
14
Calculate the greatest common factor of 5796 and 448.
28
Calculate the highest common factor of 98532 and 12.
12
What is the highest common factor of 9090 and 39690?
90
Calculate the highest common factor of 168 and 124824.
168
What is the highest common factor of 840 and 1468920?
120
Calculate the highest common divisor of 8238 and 6.
6
Calculate the greatest common factor of 195 and 7725.
15
What is the highest common factor of 101339 and 49?
7
What is the greatest common factor of 26728 and 88?
8
Calculate the greatest common factor of 502997 and 121.
121
Calculate the greatest common divisor of 12 and 243060.
12
What is the highest common factor of 10707 and 1677?
129
Calculate the greatest common divisor of 2914 and 2726.
94
Calculate the greatest common factor of 20527 and 4693.
13
What is the greatest common divisor of 17 and 9945?
17
What is the greatest common factor of 57110 and 30?
10
Calculate the highest common factor of 3528 and 13426.
98
Calculate the greatest common divisor of 363160 and 35.
35
Calculate the highest common factor of 384 and 105720.
24
Calculate the greatest common factor of 1980 and 3105.
45
Calculate the greatest common divisor of 270 and 782352.
54
What is the highest common factor of 531 and 12209283?
531
What is the greatest common factor of 18 and 3471966?
18
What is the greatest common factor of 12900 and 155316?
516
Calculate the highest common factor of 1048 and 5584.
8
What is the highest common factor of 174720 and 126490?
910
Calculate the highest common factor of 9 and 92415.
3
What is the greatest common factor of 1461732 and 41?
41
What is the highest common factor of 247442 and 2015?
403
What is the highest common factor of 956400 and 150?
150
Calculate the highest common divisor of 22 and 10329.
11
Calculate the greatest common factor of 41808 and 14807.
871
What is the greatest common divisor of 16 and 451600?
16
Calculate the highest common factor of 420 and 46340.
140
What is the greatest common factor of 484512 and 206?
206
Calculate the greatest common divisor of 90732 and 2556.
12
What is the highest common divisor of 495 and 65912?
11
What is the highest common factor of 46 and 250?
2
Calculate the highest common divisor of 390 and 78130.
130
What is the highest common divisor of 256 and 221264?
16
What is the greatest common factor of 41049 and 27?
9
Calculate the greatest common divisor of 12702761 and 181.
181
Calculate the highest common divisor of 9314745 and 165.
165
Calculate the highest common divisor of 1650 and 24420.
330
Calculate the highest common divisor of 3 and 19093.
1
Calculate the greatest common factor of 8675 and 16300.
25
Calculate the highest common factor of 192 and 66000.
48
What is the greatest common divisor of 40 and 85110?
10
Calculate the highest common divisor of 125 and 94625.
125
What is the greatest common divisor of 8183 and 2401?
49
What is the highest common factor of 322394 and 29220?
974
Calculate the greatest common factor of 1644 and 32332.
548
Calculate the highest common divisor of 610767 and 18.
9
Calculate the highest common divisor of 169 and 24011.
13
What is the greatest common factor of 380 and 480206?
38
What is the highest common divisor of 492 and 492?
492
Calculate the highest common factor of 51339 and 314.
157
Calculate the highest common divisor of 76 and 656.
4
What is the greatest common factor of 731364 and 1416?
708
What is the greatest common divisor of 136 and 6308360?
136
What is the greatest common divisor of 472 and 293171?
59
Calculate the highest common divisor of 5994 and 918.
54
What is the greatest common divisor of 3561600 and 588?
84
Calculate the greatest common divisor of 5022 and 9162.
18
What is the greatest common divisor of 29899 and 174?
29
What is the greatest common factor of 12950 and 148?
74
What is the greatest common divisor of 238604 and 4?
4
What is the greatest common factor of 258713 and 91?
91
What is the highest common factor of 81710 and 10?
10
Calculate the highest common divisor of 3422 and 28.
2
Calculate the greatest common factor of 61821 and 243.
9
What is the highest common factor of 28613 and 284?
71
What is the greatest common divisor of 846 and 61?
1
What is the highest common divisor of 206404 and 11?
11
What is the greatest common factor of 642 and 381134?
214
What is the greatest common divisor of 2042400 and 750?
150
What is the highest common divisor of 7093 and 697?
41
What is the highest common divisor of 110229 and 174?
87
What is the greatest common divisor of 11376 and 156?
12
Calculate the greatest common factor of 273428 and 289.
17
Calculate the greatest common divisor of 31332 and 308.
28
Calculate the greatest common factor of 37872 and 2088.
72
Calculate the greatest common factor of 50 and 95050.
50
Calculate the highest common divisor of 370 and 10200.
10
Calculate the highest common divisor of 70 and 230566.
14
Calculate the highest common divisor of 1008 and 12726.
126
What is the highest common divisor of 3093 and 1767134?
1031
Calculate the highest common factor of 100 and 2305825.
25
What is the highest common factor of 2178 and 17688?
66
What is the greatest common factor of 537416 and 8?
8
What is the highest common divisor of 1176 and 1225?
49
What is the greatest common divisor of 836 and 177441?
209
Calculate the greatest common factor of 3873207 and 247.
247
What is the highest common divisor of 536 and 67402?
134
Calculate the highest common factor of 2625 and 1190000.
875
Calculate the highest common divisor of 1056 and 9372.
132
What is the highest common divisor of 49203 and 924?
231
What is the highest common divisor of 120 and 3336?
24
What is the highest common divisor of 7821 and 7031?
79
What is the greatest common factor of 23323 and 12118?
83
Calculate the highest common factor of 252 and 117.
9
What is the highest common factor of 3 and 96456?
3
Calculate the highest common divisor of 39 and 224562.
39
What is the highest common factor of 902 and 164?
82
What is the greatest common factor of 131 and 21109471?
131
What is the greatest common factor of 204 and 297?
3
What is the highest common divisor of 964343 and 137?
137
Calculate the greatest common divisor of 684 and 43244.
76
What is the highest common factor of 510 and 98130?
30
What is the highest common factor of 34 and 58633?
17
What is the highest common factor of 284796 and 96228?
972
What is the greatest common factor of 1399 and 1?
1
Calculate the greatest common factor of 341 and 1009701.
341
Calculate the greatest common divisor of 756562 and 92.
46
What is the greatest common factor of 216 and 77436?
108
What is the greatest common divisor of 182 and 11531?
13
What is the highest common divisor of 53921 and 217?
7
Calculate the highest common factor of 8015 and 39617.
229
Calculate the highest common factor of 870670 and 249.
83
Calculate the greatest common factor of 1421 and 36603.
49
Calculate the highest common divisor of 16 and 8986.
2
What is the greatest common divisor of 11 and 45518?
11
What is the greatest common factor of 26780 and 59020?
260
What is the highest common factor of 51557 and 301?
43
Calculate the greatest common factor of 6 and 34899.
3
What is the highest common factor of 5092208 and 352?
176
What is the highest common factor of 12 and 39948?
12
Calculate the greatest common divisor of 16 and 291624.
8
Calculate the greatest common divisor of 752 and 24628.
188
What is the greatest common factor of 1176 and 148568?
392
What is the greatest common divisor of 96026 and 14?
14
Calculate the highest common divisor of 228 and 396.
12
What is the greatest common factor of 116 and 149466?
58
Calculate the highest common factor of 80 and 2995.
5
What is the greatest common factor of 538315 and 1510?
755
What is the highest common divisor of 16 and 676688?
16
What is the greatest common factor of 249284 and 14?
14
Calculate the highest common divisor of 396 and 14.
2
What is the greatest common factor of 100 and 117050?
50
What is the highest common divisor of 71690 and 268?
134
What is the greatest comm